 What is the units digit of b(-7)?
7
Let p(h) = 42*h - 29. Let q be p(-13). Let u be q/(-3) - 3/(-9). Suppose -v + u = 5*v. What is the tens digit of v?
3
Suppose 4*z + 0*y + 2822 = -2*y, 0 = 4*z - 5*y + 2829. Let t = z - -1185. What is the hundreds digit of t?
4
Let x(v) = 287*v**3 + 8*v**2 - 31*v + 76. What is the thousands digit of x(5)?
5
Let d be (0 - -147)*13/(-351)*-9. Suppose d*g - 7767 = 13352. What is the hundreds digit of g?
4
Suppose 68*y - 69013 = 272551. What is the tens digit of y?
2
Let t = 68 - -106. Let m = 498 - t. Suppose 2*g + 5*n = 4*g - m, -810 = -5*g + 5*n. What is the hundreds digit of g?
1
Let m = 58894 + -21985. What is the thousands digit of m?
6
Let p = -3428 + 3552. Let u(m) = -m**3 + 3*m**2 + 2. Let x be u(3). Suppose 5*d = x*v - 276, -v + 0*d + p = d. What is the units digit of v?
8
Suppose 16 = -3*z - 8. Let p(i) = -4788 + 19*i + 3*i**2 - 5*i + 4802. What is the tens digit of p(z)?
9
Let h(v) = 4*v - 3 + 1 + 7 + 426*v**2 - 117*v**2. What is the units digit of h(-1)?
0
Let l(n) = -17*n + 6. Let t = 25 + -54. Let x = t - -25. What is the tens digit of l(x)?
7
Let x(h) = h**3 + 52*h**2 + 193*h + 154. What is the tens digit of x(-46)?
7
Let w = -7692 - -12885. What is the thousands digit of w?
5
Let d = 636 + -630. Suppose -f - 15 = -5*g, 6*g - g + 3*f = 15. What is the units digit of (-3 + g/(d/11))*26?
5
What is the units digit of 3683 - 160/(-144)*-9?
3
Suppose 5*c + 91 + 83 = -a, -3*a - 450 = -3*c. What is the hundreds digit of -4063*1/(-7) - 88/a?
5
Let t(z) = -17*z - 581 - 464 + 970. What is the units digit of t(-17)?
4
Let l = -1408 - -5341. What is the units digit of l?
3
Let n(q) = -191 + 0*q + q + 176. Let l be n(8). Let i(z) = -z**2 - 13*z. What is the units digit of i(l)?
2
Suppose -5*u + 34340 = -20430. What is the units digit of u?
4
Suppose -4*b - 4*h + 1684 = -6*h, -5*h - 10 = 0. Let u = -10 + b. What is the hundreds digit of u?
4
Let y be -4*(-7)/(-28)*-245. Suppose -15*f = -10*f - y. What is the units digit of f?
9
Let g = -117 - -121. What is the units digit of 612/g + 3*(-4 - -3)?
0
Suppose -45*f = -44*f - 23. Suppose 5*h = f - 13. Suppose -5*d + 4*k = -839, 0*d - h*d = 3*k - 331. What is the units digit of d?
7
Let n = -7246 + 13529. What is the thousands digit of n?
6
Let o be 28 + ((-14)/(-7))/(1/(-2)). Suppose -19*f - 130 = -o*f. Suppose -2*g + f = -602. What is the hundreds digit of g?
3
Suppose -o - 4*s + 19 = s, 0 = -2*o - 2*s + 30. Suppose -18*i + 408 = -o*i. Let l = i - -19. What is the units digit of l?
1
Let c(x) = 3*x**2 + 11*x + 9. Let s(o) = -16*o**2 - 54*o - 44. Let j be -13 + (-9 + -1)/(-5). Let b(k) = j*c(k) - 2*s(k). What is the tens digit of b(-11)?
1
Suppose 235*w + 2735856 = 667*w. What is the hundreds digit of w?
3
Let m(q) = 2*q**2 + 16*q - 24. Let s be m(-8). What is the tens digit of (1622/4)/((-12)/s)?
1
What is the hundreds digit of 816/(-14)*(12/78 + 35965/(-130))?
1
Let f(v) = 7*v**2 - 28*v + 76. Let a(g) = 3*g**2 - 15*g + 37. Let z(r) = -9*a(r) + 4*f(r). What is the units digit of z(-25)?
1
Let k be (2 - 32/40)/((-6)/(-20)). Suppose -f + 1641 - 4061 = -4*m, -k*f = 0. What is the units digit of m?
5
Suppose 20*h - 5983 = 18*h + 3*c, 3*c + 11969 = 4*h. What is the tens digit of h?
9
Suppose -4*o = 6*k - 3*k + 3, 4*k + 11 = -3*o. Suppose 1701 = -5*b - u - 381, 1254 = -o*b - 3*u. What is the units digit of (-6 - b/12)/(2/6)?
6
Let w(p) = -2*p. Let m(c) = -119*c - 33. Let a(u) = -m(u) + 2*w(u). What is the hundreds digit of a(5)?
6
Suppose -282*j + 271*j = -1168174 + 212142. What is the ten thousands digit of j?
8
Let p = 16485 - 9861. What is the thousands digit of p?
6
Suppose -5*h - 16466 + 1801 = -5*s, 4*s + 4*h - 11716 = 0. What is the tens digit of s?
3
Let x(y) = -579*y + 1339. Let t(u) = 145*u - 334. Let g(f) = 9*t(f) + 2*x(f). What is the hundreds digit of g(8)?
8
Suppose -3*s + 4 = -2*s. Suppose -8 = s*f - 112. Suppose -106 = -3*h + f. What is the tens digit of h?
4
Let b be 51 - -118 - -3*1/1. Let j = b + 117. What is the tens digit of j?
8
Let p(d) be the third derivative of 17*d**4/12 + 49*d**3/6 + 3*d**2. What is the hundreds digit of p(10)?
3
Suppose 0 = 2*l, r - 153 = -2*r - 5*l. Suppose 60*o = r*o + 1350. What is the hundreds digit of o?
1
Let p = -1 + 25. Let x be 85/(-25) + 3 + p/10. What is the hundreds digit of x*(572/8)/1?
1
Suppose 6*n + 980 = 2*n. Let k = n - -552. What is the hundreds digit of k?
3
Let z = 9021 - 5536. What is the thousands digit of z?
3
Let b(t) = -7*t - 57. Let z be b(-8). What is the units digit of ((-11074)/21 - 2/3)/z?
8
Let j(i) = -13*i + 5. Let z(f) = -90*f + 36. Let b(q) = -27*j(q) + 4*z(q). Let c be b(-5). Let k = 4 + c. What is the tens digit of k?
5
Suppose 9*a + 57 = -10*a. Let h = 142 - a. What is the units digit of h?
5
Suppose 4*i = -2*i + 8730. Suppose 2*l + 2*z - 582 = 0, -i + 282 = -4*l + 5*z. What is the tens digit of l?
9
Suppose 39*x - 38*x = 1743. Let y = -564 + x. What is the units digit of y?
9
Let r be (-6)/4 + 1235/10 + -5. Suppose 2 = -2*q + 8. Suppose 90 = q*z - r. What is the units digit of z?
9
Let j = -91 + 93. Let g(y) = -1 + 8*y + 201*y**j + 5*y - 13*y. What is the units digit of g(-1)?
0
Let i(f) = 5*f**2 - 40*f + 83. What is the hundreds digit of i(35)?
8
Let z(y) = y**2 - 5*y - 62. Let i be z(-6). Suppose -56*w = -57*w - i*p + 564, -2795 = -5*w + 5*p. What is the hundreds digit of w?
5
Suppose -n + 12*i = 10*i + 7, 2*i - 10 = 4*n. What is the hundreds digit of ((-16)/(-4) - 5) + n - -190?
1
Let y(t) = 16*t**2 + 30*t + 15. Let a be y(-9). Let f = 2031 - a. What is the hundreds digit of f?
9
Suppose 318*x - 405*x = -1991604. What is the ten thousands digit of x?
2
Let b(k) = -k**2 - 21*k - 60. Let v be b(-14). Suppose v*n = 35*n + 1755. What is the tens digit of n?
8
Suppose -166 = 21*h - 502. Suppose 0 = 51*l - h*l - 32620. What is the hundreds digit of l?
9
Let k be (-5)/(-20) - 74*124/(-32). Let a = k + -6. What is the tens digit of a?
8
Suppose 5*n + o = -0*o + 111, 3*n + 4*o = 70. Suppose 5*j + 3*c - n = 1, 0 = 4*c + 16. Suppose -13 = j*g - 1203. What is the units digit of g?
0
Let d(p) = p**2 - 12*p - 11. Let j be d(13). Suppose 5*x = v - 204, -j*x + 4*v + 45 = -3*x. Let o = x - -108. What is the units digit of o?
7
Let r = -17 + 52. Let l be (-61)/(-7) + 10/r. Suppose 0 = -c - 4*p, 2*p + 9 = c - l. What is the units digit of c?
2
Let v(u) = -70*u - 25. Let x be v(8). Let p = -178 - x. Suppose 4*z - 541 = 5*d, -d - 3*d - p = -3*z. What is the hundreds digit of z?
1
Suppose -284*h = -275*h - 72. Suppose -34 = h*c - 58. What is the units digit of c?
3
Suppose -5*j = p - 4*p + 2, 0 = -3*p - 2*j + 16. Let s(o) = 57*o + 34. What is the hundreds digit of s(p)?
2
Suppose 2929 = 9*f - 932. Suppose -n + 0*n = -4*g + 1752, -f = -g - 2*n. What is the hundreds digit of g?
4
Suppose 2*s - 2*z = 1404, 7*z = -4*s + 2*z + 2763. Let t = s + -320. What is the hundreds digit of t?
3
Let z = 40334 + -26386. What is the hundreds digit of z?
9
Let y be (-46)/(-14) - 3 - 38/(-14). Let k(m) = -3*m + 22*m**3 - 3 + 6*m - 5*m**y. What is the tens digit of k(2)?
3
Let q be (2 + (-4)/8)/((-9)/60). Let i(b) = -b**3 - 11*b**2 - 20*b + 7. What is the units digit of i(q)?
7
Let r(g) = g**2 + 10*g - 23. Suppose 4*c + 0*u + 55 = -3*u, -4*c = -2*u + 70. Let z be r(c). Let f = z - 40. What is the units digit of f?
3
Let m = -66 + 62. Let r be (m/((-48)/92) + 3)*12. Let b = 223 - r. What is the units digit of b?
5
Let u = 49001 - 30951. What is the hundreds digit of u?
0
Let r(d) = -4*d**3 - 35*d**2 + d + 14. What is the thousands digit of r(-21)?
1
Suppose 15736*p = 15747*p - 96745. What is the tens digit of p?
9
Let p = -2678 - -6091. What is the tens digit of p?
1
Let s = -318 - -316. What is the units digit of (-9)/s*-3*(-1216)/36?
6
Suppose -4*b - 12 = 0, 4*b + 572 = -0*y + 5*y. Suppose 6*v + y = 4*v. What is the tens digit of 2/((36/v)/(-9))?
2
Let d(q) be the second derivative of 21*q + 0*q**3 - 5*q**2 + 0 + 1/6*q**4. What is the units digit of d(7)?
8
What is the units digit of (78/(-6) - -8)*(18231/(-3) - 5)?
0
Let g(q) be the second derivative of -7*q**3/6 - 23*q**2/2 + 2*q. Suppose 5*n + 11 + 67 = -2*o, -3*n = 4*o + 44. What is the tens digit of g(n)?
8
Suppose 2*a = 7*j - 4*j - 31, -41 = -3*j + 4*a. Let o(r) = 